lue of 5 + 1 + -5 - (-7 + (-6 - -9))?
5
What is the value of -2 + -1 + (96 - 71 - (14 - 1))?
9
Calculate 11 - (33 + 6 + -18).
-10
What is the value of -36 + 13 + (10 - -1)?
-12
What is -9 + 4 - (6 - (1 - -6))?
-4
2 + -11 + 1 + -6 - -3
-11
Evaluate 22 + 5 + -2 + 16 + -21.
20
What is 6 + (-1 - (-3 + 21 + -3))?
-10
-119 + 79 - (5 + -3 + -21)
-21
Evaluate 14 + (-9 - 13) - -6.
-2
-16 + -9 + 31 + -17
-11
Calculate -7 + 20 + -12 + 8 + 0.
9
What is 130 - 103 - (5 + 2)?
20
What is -20 - (-8 + (4 - -7 - 1) + -11)?
-11
Calculate (-2 - (-18 - -15)) + 7.
8
What is the value of 3 - 9 - ((-50 - -16) + 7)?
21
Evaluate 23 + (-1 - 18) - 15.
-11
(-10 - -44) + -29 + (-25 - -1)
-19
What is 19 + -17 + -2 + 32?
32
18 + -6 + (-18 - -5) + (7 - -1)
7
Calculate 11 + (-33 - (19 + -57)).
16
0 + -1 + 4 + 6 - -4
13
-1 + -19 + (-43 - (-87 + 47))
-23
What is (8 - 0) + -28 + 12 - -19?
11
26 + -9 + -34 - -4 - 11
-24
Evaluate -6 - -5 - 10 - (-7 + 0 + 0).
-4
What is (-6 - (2 - (-1 + 3))) + (1 - -8)?
3
Calculate -10 + 1 + -7 + 23.
7
What is -32 - (-32 - 13) - (2 + 2)?
9
What is the value of 2 + 0 + -2 + (-96 - -101)?
5
Evaluate -26 - (0 + 1 + -16).
-11
What is the value of -3 + (-9 - -2) + -2 + (11 - 5)?
-6
What is the value of -18 - -4 - (5 - 3 - (7 - -1))?
-8
What is (546 - 539) + (-45 - 1)?
-39
Evaluate 6 - (2 + 1 + -1) - 1.
3
Calculate -24 + (-1 - -12 - (1 + 0)) + -8.
-22
Evaluate 2 - 4 - 0 - (-11 + -11 + 9).
11
Calculate 18 - (6 + 0) - 6.
6
-9 + (-48 - -69) + (1 - -3)
16
What is -13 - (-1 + -5 + (65 - 62))?
-10
1 + -5 - (-169 + 151)
14
-20 + (53 - -8) + -31 - (8 - 0)
2
Calculate 14 + (-13 + 5 - -1) + (2 - 17).
-8
Evaluate 31 + (16 - 48) + 41.
40
Evaluate -85 - -89 - (-1 - -2 - 10).
13
What is (-4 - 6) + 24 + (6 - 1 - -3)?
22
Calculate 2 - -2 - (19 - 14).
-1
What is 6 + 7 + -6 + 3?
10
What is (30 - -2 - 33) + (-20 - 2)?
-23
What is the value of -12 - (-10 + -6) - ((-10 - -7) + -8)?
15
Evaluate 24 + -21 - (-10 + (4 - -2) + 10).
-3
What is 70 + -64 - (-1 - 5 - 1)?
13
(-3 - -15 - -2) + 20 + (16 - 36)
14
Evaluate (59 - 47) + (-3 - 0).
9
Evaluate (56 - 150) + 100 + 23 + 1.
30
8 - 15 - 7 - -9
-5
-7 + 12 + (-5 - 3)
-3
8 - (-6 + -2 - (-18 + (27 - 15)))
10
What is 7 - (-14 + (0 - -15) + 5)?
1
Evaluate -2 + (-2 + -9 - -21).
8
6 - ((-9 - 1) + 21 + -17)
12
What is the value of -10 + 8 + (-8 - -5)?
-5
Calculate -13 + (9 - (6 - (6 + 0))).
-4
-2 + -4 + 0 + 10
4
What is (-5 - 17) + (-15 + 24 - 10)?
-23
Calculate (-2 - ((4 - 2) + -2)) + 0 + 18.
16
Evaluate (80 - 79) + 2 + -6.
-3
What is the value of 7 + (28 - 4) + -2 + -9?
20
Evaluate -4 + 17 + 22 + -21.
14
Calculate 8 + (5 - 8) + -17.
-12
What is the value of -47 - -61 - (4 - -1)?
9
Calculate -33 - ((4 - -1) + 6 + -9).
-35
Evaluate (31 - (-29 + 31)) + -44.
-15
What is -2 - (0 + 3 - (-55 - -65))?
5
Calculate 9 - (2 + 11 - (6 - 1)).
1
What is the value of (2 - 7) + 7 + -11 + (6 - 1)?
-4
Calculate 0 + 18 + (39 - (138 + -60)).
-21
Evaluate -3 - (16 + -12 + 0).
-7
What is the value of -4 - (4 + -1 + (0 - 10))?
3
Evaluate -13 - ((-8 - 14) + -14).
23
Calculate 4 + 13 + -21 - 0.
-4
Evaluate -2 + -1 - 25 - -5 - (3 - 10).
-16
(-42 + 76 - 38) + (-2 - 4)
-10
Calculate -2 - (1 + (-13 - (2 - (10 + 2)))).
0
What is (-24 - (22 + -48)) + -17?
-15
What is 11 + (-23 + 18 - 23)?
-17
What is 5 - 0 - (129 - 120)?
-4
Evaluate -6 + (7 - 8) - -13 - 4 - -5.
7
(0 - -11) + 180 + -165 + (-18 - 0)
8
What is -14 + -20 + 5 + -2 + (138 - 130)?
-23
Evaluate -5 + -15 + 3 - (-11 - -5).
-11
Calculate 4 + -11 + (6 - 6) - -21.
14
What is (-4 - 1) + (-8 - (-17 + 19))?
-15
Calculate 27 + (0 - 1) - (-86 + 18 - -77).
17
What is -7 - (-15 - (6 + -24))?
-10
What is 3 - (-24 - (-24 + -7))?
-4
What is 14 + -2 + 9 + -10?
11
Evaluate -15 + (-4 - -53) + (0 - 2 - 5).
27
Calculate -2 + (1 - -8) - -4.
11
Evaluate -177 - -177 - (-8 + -1).
9
What is the value of (-17 + 17 - -22) + -5?
17
Calculate -1 + 0 + -30 + (-64 + 40 - -24).
-31
Evaluate 0 + -9 + 0 - (-89 + 89).
-9
What is -5 - (-1 + 8 - ((16 - 33) + 18))?
-11
Evaluate -48 + 51 + 2 + (-4 - (-7 - -3)).
5
Calculate 15 - (3 + (-1 - (-1 + -3))).
9
-10 - (-19 + 0 + 10 + 3)
-4
-8 - -1 - (20 + -7 - 15)
-5
12 + -1 - (4 + -6)
13
Calculate 0 - (-5 + -56 + 54 + (1 - 0)).
6
What is (3 + -1 - (-22 - -26)) + 4?
2
Calculate 12 + (0 + 1 - (-160 + 170)).
3
16 + (2 - 1 - (160 - 157))
14
Evaluate 21 + -13 + -2 - ((16 - 2) + 2).
-10
Evaluate (52 + -47 - (-2 + 13)) + (-1 - 23).
-30
What is 4 + (-8 - 7) + 13 + 4?
6
What is the value of -2 - (-11 - 1 - 3) - (102 - 101)?
12
What is the value of (11 - -3) + 3 + -10?
7
(-3 - (3 - 0)) + (11 - 5)
0
Evaluate -28 - (-12 - -2) - (3 + 1).
-22
What is (11 - (10 + -3)) + (6 - -2) + -2?
10
What is (15 - 10) + 5 + -2?
8
What is the value of 5 - (-4 - (2 - 6))?
5
Calculate 1 - -1 - (2 + -38) - (-37 + 47).
28
What is the value of -5 + (2 - 3) - ((-8 - -19) + -17)?
0
What is the value of -13 + 17 - (7 - 2) - 5?
-6
What is -1 + -26 - (-30 + (46 - 25))?
-18
Calculate 1 - (14 + -4 - (-6 + (10 - 6))).
-11
Calculate 7 + 7 + -7 - (-2 + 3).
6
What is -3 + (4 - 17) + 15?
-1
Calculate -7 + (-2 - -3) + 13 + 13 + -19.
1
Calculate 4 - 1 - -2 - 6 - 8.
-9
What is (5 - -4) + (1 - (3 - 15)) + -17?
5
What is -4 + (-6 - -9) + 10 + (6 - 1)?
14
Calculate -155 - -144 - (0 + (2 - 2)).
-11
What is -136 + 129 - (0 + 0 + -6 + -3)?
2
0 - (-3 + 31) - (7 + 19 + -32)
-22
-3 - ((6 + -22 + 8 - -1) + 0)
4
Evaluate (2 + (0 - 0) - (12 + -16)) + 1.
7
What is the value of -49 + (85 - 24) + 4 + (-3 - -1)?
14
What is -17 - (5 - 29) - 11?
-4
Calculate 84 + -66 + -3 + -5.
10
What is (-8 - -3) + 13 + (5 - 10)?
3
1 - (9 + -6 + -9)
7
4 + (8 - 5) - (4 - (5 - 7))
1
What is (1 - -2) + (-8 - -4) + -2 - -12?
9
What is the value of 10 + (36 - (82 - 30))?
-6
What is the value of -31 + (-12 + 13 - -14)?
-16
What is (123 - 123 - (2 - -3)) + 2?
-3
What is (-11 - (-33 + 10)) + -22 - -2 - -9?
1
(13 - -13) + -21 - (-1 + 6)
0
Evaluate (14 - -7 - 32) + (4 - 7 - -45).
31
Evaluate (1 - -13) + -19 + 10.
5
Calculate 0 + 1 + 5 + -8 + (9 - 2).
5
Evaluate -6 + (2 - (8 - 9) - -3).
0
-21 - -16 - -15 - (2 - -14)
-6
What is 0 - -3 - (6 - 0) - (-10 + 3)?
4
Calculate -3 + (4 - (-1 + 14 + -7 + -10)).
5
-25 - -1 - (-5 - (-4 + 5)) - -6
-12
Evaluate (176 - 171) + -1 + 11.
15
Evaluate -13 + 6 - (-5 + -8 + 18 + 2).
-14
What is the value of 3 + (2 - 1) + (-7 - -15)?
12
Calculate (6 - -3) + -15 - (3 + (-1 - -6)).
-14
-7 + (8 - (7 - (8 - 5))) + 4
1
What is the value of -5 - (-24 - -15) - (-2 + 10)?
-4
What is the value of 5 - 0 - ((1 - -1) + -4)?
7
What is (-1 - 0) + 2 - (-23 - (3 - 2))?
25
What is the value of 3 + (-4 - 15) - (82 - 115)?
17
Calculate -18 + (-6 - 13) + 50.
13
Calculate 3 + -17 - (351 + -374).
9
What is the value of -15 - (-28 - -14) - 3?
-4
Evaluate 14 + (3 + -16 - 0).
1
Evaluate -39 - -46 - (6 + 2) - 7.
-8
What is 4 + -1 + (-358 - -352) + (11 - 0)?
8
What is the value of -3 + 4 - (-2 - 0)?
3
What is -1 + -32 + (203 - 187)?
-17
Calculate (1 + 0 - 1 - 1) + (-956 - -947).
-10
Calculate -34 + (-33 - (-60 - 22)).
15
(-1 - -10 - 30) + 18
-3
What is the value of (3 - -5 - -1) + -6 + 1?
4
Evaluate (-26 - -1) + 2 - (348 - 354).
-17
What is the value of -14 + 16 + (-23 - -10)?
-11
What is -4 + (3 - 0) + (-12 - -2)?
-11
What is (-1 - -10) + 5 + -8 - -1?
7
Evaluate -15 + -6 - (-1 - (-12 - -8)) - -1.
-23
What is 0 + (6 - -1) + -1?
6
(-1 - 1) + -28 + 35 - 2 - 5
-2
What is the value of 16 + (-2 + -4 - (32 - 45))?
23
What is 3 + 1 + 0 + (-301 - -271)?
-26
Evaluate 5 + 5 - (92 + -91).
9
Calculate 11 + 6 + -9 + (-17 - (-1 - 0)).
-8
-1 + (3 + 4 - (27 - (13 - 3)))
-11
What is -3 - 4 - (188 - 192)?
-3
(4 - 13) + (-7 + 14 - 5)
-7
(1 + (-1 - -1) - (18 + -19)) + 5
7
What is the value of 4 + (20 - (3 + -1 - -9))?
13
What is the value of -14 + (-6 - (-28 + 12 + (-2 - -6)))?
-8
Calculate 161 + -163 - (5 + (4 - (1 - -1))).
-9
Calculate (-11 - -3 - (17 + -24)) + 1 + -7.
-7
-8 - ((5 + -13 - (-9 - -9)) + 14)
-14
What is the value of -14 + (9 - -23) + 0?
18
What is the value of (35 - (13 + -6)) + 1 - (-24 - -27)?
26
Evaluate 4 + 18 + (-23 - (-2 - 14)).
15
Evaluate 5 - (1 - (5 + (-7 - (5 - -2)))).
-5
(-14 - 13 - -71) + -15
29
-11 - (-4 + -23 - -14)
2
What is (38 - 57) + 32 + (0 - 2) + -11?
0
What is (-3 - -13) + (10 - 0) + -18 + 17?
19
59 + (9 - 48) - -11
31
Evaluate -37 + 60 + -10 + 10.
23
-4 - (-18 + 3 - -14 - -16)
